s 42422736553 composite?
False
Is 20962024471 a composite number?
True
Is 94791871 a prime number?
True
Is 1181153243 prime?
True
Is 7776845801 composite?
False
Is 4476631433 a composite number?
True
Is 703428877 prime?
False
Is 75376596287 a prime number?
True
Is 1028777371 prime?
False
Is 27819645643 a prime number?
True
Is 2753685967 prime?
False
Is 57394663 a composite number?
False
Is 6165848083 composite?
False
Is 337781317 prime?
False
Is 6186603901 a composite number?
True
Is 21036786247 prime?
True
Is 2651255591 a composite number?
False
Is 48919661003 composite?
True
Is 62208007 a composite number?
True
Is 4371377 composite?
False
Is 2755482811 a composite number?
True
Is 73603251655 a composite number?
True
Is 2418797585 prime?
False
Is 282596281 prime?
False
Is 4965933961 a composite number?
False
Is 20031013297 a prime number?
False
Is 334034069 prime?
False
Is 41615773 composite?
True
Is 9224977057 a prime number?
False
Is 171882869393 composite?
True
Is 1186339733 a prime number?
False
Is 7001598187 composite?
False
Is 25854291541 a prime number?
False
Is 16891374217 a prime number?
False
Is 18105578279 a composite number?
False
Is 3015437311 a prime number?
True
Is 64719154733 prime?
True
Is 6221306677 composite?
False
Is 1573311823 a composite number?
False
Is 4346327191 a prime number?
True
Is 1610490565 a prime number?
False
Is 973595417 prime?
True
Is 53026881637 composite?
True
Is 1789755607 a composite number?
False
Is 3837399067 prime?
False
Is 510057971 prime?
False
Is 129346673 prime?
True
Is 11261500039 composite?
True
Is 176868727781 composite?
True
Is 52553114891 composite?
False
Is 2750994394 a prime number?
False
Is 3790327337 a composite number?
False
Is 6656351209 composite?
False
Is 2070936877 prime?
True
Is 100982113 prime?
True
Is 569907719 composite?
True
Is 3179477383 a prime number?
True
Is 2779276343 composite?
False
Is 27008278177 composite?
True
Is 28234518811 composite?
True
Is 4968134251 a prime number?
False
Is 55514509 a prime number?
False
Is 5010969107 a composite number?
False
Is 5024226199 prime?
True
Is 1135766977 a composite number?
False
Is 1935498169 composite?
True
Is 415955843 prime?
False
Is 8770899167 a prime number?
False
Is 1584092486 a composite number?
True
Is 998548763 composite?
True
Is 8331763043 a composite number?
False
Is 120697487 prime?
False
Is 11657978311 a prime number?
False
Is 9401869577 prime?
True
Is 589756511 composite?
False
Is 11141654297 a composite number?
True
Is 6165504083 a composite number?
True
Is 22026347861 a composite number?
True
Is 6219240439 prime?
True
Is 13003363 a prime number?
True
Is 161062337 a composite number?
False
Is 16482535557 prime?
False
Is 527887361 prime?
True
Is 2410183166 a composite number?
True
Is 174394037 composite?
True
Is 14720271461 a prime number?
False
Is 866722289 a prime number?
True
Is 5657876593 a prime number?
True
Is 130750751 composite?
True
Is 6583248527 a prime number?
False
Is 133156789 composite?
False
Is 3593906041 prime?
False
Is 8206740797 composite?
False
Is 51335651899 prime?
False
Is 8666428261 a prime number?
False
Is 6068536477 a prime number?
True
Is 2036203679 prime?
False
Is 274789573 a composite number?
False
Is 821107879 a prime number?
True
Is 927131129 a composite number?
False
Is 7326173581 composite?
True
Is 487663031 a composite number?
False
Is 562795559 composite?
False
Is 17909020631 composite?
False
Is 31354965883 composite?
False
Is 8862563 prime?
True
Is 7028192539 prime?
False
Is 2693421121 prime?
True
Is 683664151 composite?
True
Is 1855413667 prime?
False
Is 14474994277 a composite number?
False
Is 16029272627 a prime number?
True
Is 304870001 a prime number?
True
Is 1181634049 composite?
False
Is 1226854337 prime?
True
Is 54828816059 prime?
False
Is 30078670607 composite?
True
Is 1766981941 prime?
False
Is 572539841 a prime number?
True
Is 46968689 a composite number?
True
Is 892405117 composite?
False
Is 3704797691 prime?
False
Is 20872349503 composite?
False
Is 1196944922 prime?
False
Is 3555555589 a composite number?
True
Is 8324827697 composite?
True
Is 270940309 a composite number?
True
Is 12492760405 a composite number?
True
Is 20202896563 a composite number?
False
Is 6463247179 a prime number?
True
Is 22002999691 prime?
True
Is 4047299957 composite?
False
Is 1504027807 composite?
True
Is 193237259 composite?
False
Is 50610522397 a composite number?
False
Is 2704667039 a composite number?
True
Is 719838739 composite?
True
Is 1945450667 composite?
False
Is 41459645267 a composite number?
True
Is 22756385397 composite?
True
Is 260878727 composite?
False
Is 17919109023 composite?
True
Is 4879275127 prime?
True
Is 81344594179 a composite number?
True
Is 56840162531 prime?
True
Is 652586041 prime?
True
Is 2050299071 a composite number?
False
Is 11620469467 a composite number?
False
Is 4910491307 composite?
True
Is 4004467567 composite?
False
Is 110275451911 a prime number?
True
Is 22328972879 prime?
False
Is 4236484771 prime?
True
Is 2687306159 prime?
True
Is 2413896847 a composite number?
True
Is 57348893023 a prime number?
True
Is 22290557449 a composite number?
False
Is 1652411 a composite number?
True
Is 158452057 a prime number?
True
Is 872376137 composite?
True
Is 17959289911 a prime number?
False
Is 1487836607 composite?
False
Is 37719040837 a composite number?
False
Is 3828722 a composite number?
True
Is 364444183 a composite number?
False
Is 20423961331 a composite number?
True
Is 122838714127 a composite number?
False
Is 195843527069 a composite number?
False
Is 34580853959 a prime number?
True
Is 572398087 a prime number?
True
Is 116013369601 a composite number?
True
Is 1587024281 a prime number?
False
Is 36846150661 a composite number?
False
Is 85019305531 composite?
False
Is 5607935089 a composite number?
True
Is 374238667 prime?
False
Is 4301482 a prime number?
False
Is 116194577 prime?
True
Is 479062963 prime?
False
Is 183228622583 prime?
True
Is 8052519817 prime?
True
Is 1996441409 a composite number?
False
Is 250396429 a composite number?
False
Is 83254620637 a prime number?
True
Is 829734331 a composite number?
False
Is 12743871937 composite?
False
Is 1179944989 a composite number?
True
Is 494772661 composite?
False
Is 436906549 a composite number?
False
Is 4014902109 a composite number?
True
Is 40671852773 composite?
True
Is 1235118181 composite?
True
Is 68403989 composite?
False
Is 11840223523 prime?
True
Is 8931709589 a prime number?
False
Is 152565423 a composite number?
True
Is 70854063229 a composite number?
True
Is 200941789 composite?
False
Is 12828675571 a prime number?
True
Is 46209741 prime?
False
Is 90586287997 prime?
False
Is 2379021223 prime?
True
Is 5391772927 a prime number?
True
Is 3100809721 a prime number?
True
Is 5016381047 a prime number?
False
Is 98177404795 composite?
True
Is 110865611041 a composite number?
False
Is 35983491821 a composite number?
False
Is 18269408501 a composite number?
False
Is 2609385173 a prime number?
False
Is 1959037273 prime?
False
Is 546606827 prime?
False
Is 11602913669 a composite number?
True
Is 598855253 prime?
True
Is 3464322721 prime?
False
Is 5911127189 a prime number?
False
Is 8849713385 a prime number?
False
Is 196468523279 a composite number?
True
Is 3306752099 prime?
False
Is 224346924799 prime?
False
Is 233580665899 composite?
True
Is 3780343807 composite?
True
Is 704497861 composite?
False
Is 727784947 prime?
True
Is 1139144413 a composite number?
True
Is 58486151 composite?
True
Is 865760311 a composite number?
True
Is 147225216839 a prime number?
False
Is 176509431377 a composite number?
False
Is 4184045087 prime?
True
Is 90593056973 a prime number?
True
Is 29641506749 composite?
True
Is 41151608583 a prime number?
False
Is 2316513389 composite?
False
Is 48771516683 prime?
True
Is 94880651 composite?
True
Is 8785786463 a composite number?
False
Is 5985019987 a composite number?
False
Is 779716429 composite?
True
Is 389297267 a composite number?
False
Is 41274716489 a composite number?
True
Is 23863643017 a prime number?
False
Is 144735250999 composite?
False
Is 189168599 a composite number?
True
Is 1651386679 a composite number?
True
Is 311363149 composite?
True
Is 3736864949 prime?
True
Is 1297380451 